 -40. What are the prime factors of r?
29
Let j = -595 + 419. Let s = j - -316. Suppose s = 6*t - t. List the prime factors of t.
2, 7
Let a be 4 + 10 - (-3 - 0). Suppose -a - 9 = -13*c. Suppose -4*r = 5*o - 377, -3*o + 285 = c*r + r. List the prime factors of r.
2, 7
List the prime factors of (-182)/1274 - (-137602)/(-7)*15/(-10).
2, 23, 641
Let a = -2454 - -2498. List the prime factors of a.
2, 11
Suppose 0 = 5*v - 1547 - 693. Suppose 3*n + 4*t - v = 6*t, t + 604 = 4*n. What are the prime factors of n?
2, 19
Let s(j) = -j**3 - 11*j**2 + 9*j - 27. Let v be s(-12). Suppose -3685 = -3*g - 5*i, -5*i - 1 = -4*i. Suppose -g = -v*m + 3*m. What are the prime factors of m?
5, 41
Let d(p) = -p**2 - 63*p - 66. Let n be d(-27). Suppose 507 = 3*y - n. List the prime factors of y.
3, 157
Suppose 19525 = 5*m - 5*y, -300*m + 3915 = -299*m - 3*y. What are the prime factors of m?
2, 3, 5, 13
Let z(s) be the second derivative of 4/3*s**4 - 3*s**2 + 0 - 5/6*s**3 - 11*s. What are the prime factors of z(3)?
3, 41
Let t(l) = -214*l + 52. Let h be t(8). Let s = -1091 - h. What are the prime factors of s?
569
Let s = -2926 - -4282. Let c = s - 803. What are the prime factors of c?
7, 79
Let m = 19 - 7. Suppose 16 - 4 = -3*j, 3*c + 2*j = -68. List the prime factors of (-1 - c/m)*150.
2, 5
Suppose -4*c + 117586 = 3*w, -5*w + 68218 + 49372 = 4*c. List the prime factors of c.
5, 5879
Let s(b) = -5942*b + 9034. List the prime factors of s(-14).
2, 13, 3547
Suppose 39*s - 42*s + 9 = 0. Suppose s*c - 6*w - 489 = -3*w, 4*w = -5*c + 824. List the prime factors of c.
2, 41
Let d be 1 + -2 + 4 - (1 + -3). List the prime factors of 2854/d + 16/(-20).
2, 3, 5, 19
List the prime factors of 2082/(-9)*297/(-6).
3, 11, 347
Let z = 48880 + -23330. What are the prime factors of z?
2, 5, 7, 73
Suppose -15*r + 11*r - w = 4456, 5*w - 3342 = 3*r. Let o = -625 - r. What are the prime factors of o?
3, 163
Suppose 10 = 8*h - 22. Let a = 61 - h. Suppose -36 = -3*y + 3*b, -5*y + b + 3*b + a = 0. What are the prime factors of y?
3
Let b be (-4 - 71/(-1)) + -5. Let h = b + -58. What are the prime factors of (-2)/(-4) - (h - 1110/4)?
2, 137
Suppose b + 6 = -0*b. Let l = 922 + -1560. What are the prime factors of l/b + 7/(-21)?
2, 53
Let d(v) = 4*v**2 + 196*v - 125. What are the prime factors of d(50)?
5, 787
Let y(z) = 96*z + 9. Let c be y(-6). Let v = c - -799. Let f = v - 119. What are the prime factors of f?
113
List the prime factors of ((-1230032)/(-472))/((-4)/16 + (-13)/(-20)).
5, 1303
Let u(z) be the first derivative of -z**3/3 - 10*z**2 + 2*z - 4. Let s be u(-20). Suppose s + 334 = 4*y. List the prime factors of y.
2, 3, 7
Let z(j) = 1978*j + 1113. List the prime factors of z(5).
11003
Let l(v) = 9*v**3 - 14*v**2 - 11*v - 22. What are the prime factors of l(11)?
2, 11, 461
Let t = 4211 + 21423. List the prime factors of t.
2, 7, 1831
Let m(y) = y**2 - 9*y - 4. Let z be m(7). Let x(k) = 3*k + 54. Let l be x(z). List the prime factors of 243/3 - (-3 - l).
2, 3, 7
What are the prime factors of (5 - (-19)/5)/(32/10160)?
2, 11, 127
Suppose -108 = -3*r - 2*i, 2*r - 7*r - i + 187 = 0. Let l = r - 49. List the prime factors of 1 - (l + 10)/((-2)/(-290)).
2, 73
List the prime factors of (-2)/(-4) + ((-1)/(-4) - (-158142)/24).
2, 5, 659
Let b = -12143 - -23476. What are the prime factors of b?
7, 1619
Let c be 91/35 - (-6)/15. Suppose -5*b = -c*b - 570. Suppose -1077 + b = -6*v. What are the prime factors of v?
2, 3, 11
Let p(c) = 5*c**2 - 50*c + 747. What are the prime factors of p(68)?
97, 211
List the prime factors of ((-139226)/(-469))/(4/14).
1039
Let k(u) = 2*u + 4*u - 326 - 10*u + 5*u + 9*u. What are the prime factors of k(34)?
2, 7
Suppose 29 = 12*a - 9*a + 2*s, 3*s = -3*a + 30. What are the prime factors of (-1218)/(-4) - a/(-18)?
5, 61
Suppose -233 = 10*h - 53. Let n(o) = 2*o**3 - 4*o - 18*o**2 - 3*o**3 + 4 + 5. List the prime factors of n(h).
3
Let q(n) = -5*n**2 - 614*n - 156. List the prime factors of q(-75).
3, 5923
Let z(l) = -202*l - 58. List the prime factors of z(-35).
2, 1753
Let a(o) = o**2 + 19*o + 58. Let u be a(-15). List the prime factors of 666/15 - (u + (-35)/(-25)).
3, 5
Suppose -57*c + 519213 = -578691 + 353712. What are the prime factors of c?
2, 3, 17
List the prime factors of -5 + 265095/21 + -7 + 90/14.
2, 3, 701
Suppose -1416190 = 110*j - 8962960. What are the prime factors of j?
3, 7, 11
Let p = 5341 + 2047. List the prime factors of p.
2, 1847
Suppose -4*g + 198 - 18 = 0. Suppose 28*i - 25*i = g. Let n(b) = -b**3 + 14*b**2 + 22*b - 5. What are the prime factors of n(i)?
2, 5
Let q = 20182 + 4764. What are the prime factors of q?
2, 12473
Suppose -7111 = -3*a - 4*f, -4*a - 5*f = -4059 - 5424. What are the prime factors of a?
2377
Suppose -11*x = 3*x + 42. Let r(z) = -15*z**3 + 2*z**2 + 7*z + 23. What are the prime factors of r(x)?
5, 17
Let v(o) = 4*o - 8. Let b be v(2). Suppose 73*j - 72*j + 19 = b. Let h(t) = -t**3 - 20*t**2 - 25*t - 13. What are the prime factors of h(j)?
101
Let v be 48/26 + (-96)/(-624). Suppose -s - 166 = 5*q - 1257, -450 = -v*q + 3*s. What are the prime factors of q?
3, 73
Suppose -t - 12348 = -16053. What are the prime factors of t?
3, 5, 13, 19
List the prime factors of (14/(-2) + 2 - (-330)/90)*-9330.
2, 5, 311
Let i(v) = 4*v**2 + 44*v + 79. Let a be i(-17). Let y = a - -66. What are the prime factors of y?
7, 79
Let h be -26*8/32*26. Let i = h + 1582. What are the prime factors of i?
3, 157
Suppose -4*x = 3*i - 14776, x - 6*x + 24630 = 5*i. What are the prime factors of i?
2, 7, 11
Suppose 10*j + 5*n = 6*j + 20609, -3*j - 4*n = -15457. What are the prime factors of j?
3, 17, 101
Let c be ((-18)/2 + 2)*-3. Suppose -20*v = -c*v + 328. List the prime factors of v.
2, 41
Suppose 3*y - 4*s = 25, -4*y + 19 = -2*s - 1. List the prime factors of 4/y + 23933/39.
3, 5, 41
Let o(v) = -11*v + 2171. List the prime factors of o(12).
2039
Suppose 91*m - 4542994 = 359139 - 526671. List the prime factors of m.
2, 29, 829
Suppose 27 = -2*i + 3*s, 4*i - 8 = -5*s - 29. Let t = -2 + i. List the prime factors of ((-8)/3 + 2)*(-40 + t).
2, 17
Let s(q) = -3*q + 30. Let w be s(10). Let m(t) = 8*t + 316. Let j be m(w). Let b = j + -197. What are the prime factors of b?
7, 17
What are the prime factors of ((-3)/(-2))/((-33)/(-6688))?
2, 19
Suppose 2*w - 5*y = -w + 6232, -4176 = -2*w - 2*y. Suppose 0 = -312*b + 308*b + w. What are the prime factors of b?
521
Suppose 0 = -2*q - 4, 4*u + q = 3*q + 40. Suppose 6*s - 3659 = -4*o + u*s, 2*s = 3*o - 2743. What are the prime factors of o?
911
Let j = -3 - 29. Let u = j + 102. Let s = 63 + u. What are the prime factors of s?
7, 19
Let z(k) be the first derivative of 11*k**3/6 - 5*k**2/2 + 14*k - 15. Let c(q) be the first derivative of z(q). List the prime factors of c(3).
2, 7
Let b = -163 + 157. List the prime factors of (-14944)/(-136) + b/(-51).
2, 5, 11
Suppose 480 = c - 17*c. Let w = -21 - c. What are the prime factors of w?
3
Let z(l) = 5*l**2 + 10*l + 16699. What are the prime factors of z(0)?
16699
Let h(p) = 60*p**2 + 26*p - 28. Let r be h(7). Suppose 25546 = 40*i - r. What are the prime factors of i?
2, 179
Suppose -60*w + 25*w + 462800 = 17*w. What are the prime factors of w?
2, 5, 89
Let a(j) = 751*j**2 - 31*j + 73. Let w(h) = 251*h**2 - 10*h + 24. Let y(r) = 4*a(r) - 11*w(r). What are the prime factors of y(2)?
2, 3
Suppose -3*a + 7*u = -17753, -4*a + 16*u - 11*u = -23649. What are the prime factors of a?
2, 2953
Let r(f) = -12*f**3 + 2*f**2 - f - 3. Let g be r(3). Let u be (-407)/3 + 20/(-15). Let a = u - g. List the prime factors of a.
5, 7
Let l(n) = 14234*n**2 + 94*n + 93. What are the prime factors of l(-1)?
43, 331
Suppose 3*t - 12 = 0, -3*p - 13*t + 61180 = -15*t. What are the prime factors of p?
2, 5099
Suppose 28 = 3*k + 13. Suppose -o - k*o - 288 = 0. What are the prime factors of -1 + o/(-1) + 4 + -2?
7
Let o(w) = w**3 - 5*w**2 + 17*w + 18*w**2 + 12*w**2 + 3. What are the prime factors of o(-24)?
3, 19
Suppose -13*b + 61555 = -20098. List the prime factors of b.
11, 571
Let x be -1 - (-2 - 4) - -1487. Suppose 0 = -13*d + 9*d + x. List the prime factors of d.
373
Let q(x) be the third derivative of x**5/30 - 5*x**4/12 + 14*x**3/3 + 2*x**2. Suppose a = -3*g + 5*g - 21, 2*g = -3*a + 33. What are 